nits digit of j(5)?
3
Let k be ((-10)/(-3))/(3/18). Suppose k = 2*d - 0*d. What is the tens digit of d?
1
Suppose -2*s + s = 0. Suppose 3*a = 2*i - 6*i + 97, s = -5*i - 25. What is the tens digit of a?
3
Suppose y = -4 - 0. Let n = y - -5. What is the units digit of n?
1
Suppose 2*b - 368 = -2*b. Suppose -3*h - 3 = -2*a - b, -h - 4*a + 25 = 0. What is the tens digit of h?
2
Let r(w) be the third derivative of -w**5/60 + w**4/8 + w**3/2 + 3*w**2. Let z(h) be the first derivative of r(h). What is the units digit of z(-4)?
1
Let u(n) = 2*n - 3. Let z be u(2). Let t = 9 + z. What is the units digit of t?
0
Let a(k) = k**2 - 4*k - 13. What is the tens digit of a(11)?
6
Suppose a = -5*j - 20, 5*j - 2*j + 12 = 5*a. Suppose 1 = 2*h - 1, 92 = -5*s + 2*h. What is the units digit of (-1)/j*-2*s?
9
Suppose -2*l + 4 = -4. Let v = 4 - l. Let b(g) = -g**2 - g + 1. What is the units digit of b(v)?
1
Let v(o) be the third derivative of 0 - 4/3*o**3 - 3*o**2 - 1/12*o**4 + 0*o. What is the units digit of v(-6)?
4
Let l = -19 - -38. What is the tens digit of l?
1
Suppose -3*r + 6*r + 12 = 0. Let l be 1/(-6) - (-222)/36. Let j = l + r. What is the units digit of j?
2
Let v(g) = 2*g**3 - 2*g + 1. Let w be v(1). What is the units digit of 3 + w + (1 - -12)?
7
Let t be (-2)/(-5) - (-592)/20. Suppose 2*o = -o - t. What is the units digit of (36/(-30))/(3/o)?
4
Suppose 2*d - 4*p = 28, 3*p = 3*d - p - 32. What is the tens digit of (-1141)/(-21) + d/6?
5
Let t(y) = -22*y - 3. What is the units digit of t(-2)?
1
Suppose -h = b + b + 4, 0 = -3*h + b - 19. Let t = h + 11. Suppose l = -x + 7, -2*x = -t*x + 5*l + 61. What is the units digit of x?
2
Suppose 0 = -5*d - 5*z, -5*d - z - z = 0. Suppose d = -2*x + x + 42. What is the tens digit of x?
4
Suppose 2*u - 12 = 2*w, -3 = 2*w - 1. Let x be (-8)/10*(-25)/(-10)*2. Let s = x + u. What is the units digit of s?
1
Suppose -2*v - 97 = -357. What is the units digit of v?
0
Let j = -2 - -2. Let o(h) = h**3 + 5*h**2 - 2. Let t be o(-5). Let z = j - t. What is the units digit of z?
2
Suppose 0 = 5*t - 5*i - 450, 0*i - 446 = -5*t + 4*i. What is the units digit of t?
6
Let p(d) = -2*d**2 - 4*d - 6. Let n be p(-4). Let m(h) = 33*h**2 + h + 1. Let z be m(-1). Let u = n + z. What is the tens digit of u?
1
Let m(t) = -12*t - 4. Let p be m(-2). Suppose 4*j - p = 0, -3*w - 4*j + 98 = -w. What is the units digit of w?
9
Suppose 3*w = 4*z - 506, 0 = -z - w - w + 121. What is the tens digit of z?
2
Let q(c) = 2*c**2 + 5*c + 2. Let u be q(-3). Suppose -64 = -4*a - u*n - 0*n, a + 3*n - 16 = 0. What is the units digit of a?
6
Let d(u) = u**2 - u + 2. Let j(k) = -k + 1. Let g be j(1). Let b be d(g). What is the units digit of b - 2 - -9 - -2?
1
Suppose -12 = -5*f + 2*m, 0*f + 5*f + 5*m - 5 = 0. Suppose 25 + 5 = f*r. What is the units digit of 2/(-1 + r/12)?
8
Let u(m) = -10*m**2 - m. Let d be u(2). What is the units digit of 3/5 + d/(-5)?
9
Let r(k) = -k + 1. Let g be r(-1). Suppose g*z = -4*t + 20, -4*t + z + 8 = -0. What is the units digit of t?
3
Suppose 4*v + 8 - 4 = -4*r, -3*v - 5*r - 13 = 0. What is the tens digit of 6*v + (-7)/7?
2
Let s be ((-1)/(-3))/(1/12). Suppose 0*z = -s*i + z + 81, 5*i + 5*z = 95. Suppose i = 2*h - 2*n, -35 = -3*h + 4*n - 2. What is the units digit of h?
7
Let y = 157 + -59. What is the tens digit of y?
9
Suppose 3*m - 13 - 11 = 0. What is the units digit of (-2)/(-4)*(m - 2)?
3
Let p = -56 - -36. Let j(m) = -m**3 + 6*m**2 - 2*m + 3. Let u be j(6). Let t = u - p. What is the units digit of t?
1
Suppose 2*u + 21 = 5. What is the units digit of (-74)/u - 1/4?
9
Let b(x) = 2*x + 1. Let k be b(3). Suppose 2*t - 4*l + 47 = l, 2*t + 3*l = -k. Let o = t + 29. What is the tens digit of o?
1
Suppose 3*l - 2*l = 0. Suppose -2*i = -l*i - 18. What is the units digit of i?
9
Suppose -27 = 3*o - 2*a, 2*o - 2*a + 18 = -3*a. Let k = o + 18. What is the units digit of k?
9
Let q = 7 - 3. What is the units digit of (48/40)/(q/10)?
3
What is the tens digit of (13 - -19) + 2*1?
3
Suppose -3 = -2*y + 1. Suppose 20 = 2*o + 4*z, -3*o + 10 = -y*o + z. What is the units digit of 4/(-10) - (-14)/o?
1
Let f be (-24)/(-2)*(-35)/(-14). What is the units digit of f + (-4)/(-4)*-3?
7
Suppose -c + 3 + 2 = 0. Suppose -p + 16 = v - 12, -c*p + 92 = 3*v. What is the tens digit of v?
2
Let o = -15 + 23. Suppose -4*k - o = 16. What is the units digit of (4/(-6))/(k/27)?
3
Suppose 0 = -9*y + 7*y + 8. Suppose y*x - 8 - 1 = -3*a, 0 = 4*x - 4*a - 16. What is the units digit of x?
3
Suppose -2*h + 15 = 5*o - 3*h, -o = -3*h - 17. Let c be (-3*(-44)/3)/o. Suppose 2*b + 3*b + 30 = 4*j, b = -2*j + c. What is the tens digit of j?
1
Let t(x) = -x**2 + 8*x + 1. What is the tens digit of t(6)?
1
Let w be (12/2)/((-3)/(-28)). Let y = 91 - w. Suppose -3*d = 2*d - 3*z - 51, y = 5*d + 5*z. What is the units digit of d?
9
Let c = 7 + -4. Let x(u) = -u + 4. What is the units digit of x(c)?
1
What is the units digit of ((-250)/20)/(2/(-4))?
5
Let w(k) = 14*k**2. What is the units digit of w(1)?
4
Let n = 13 - -53. What is the tens digit of n?
6
What is the tens digit of -12*10/(-4 + 2)?
6
Suppose -5*r + 5*z + 1 = -4, 3*z = -2*r - 13. What is the units digit of ((-40)/(-12))/(r/(-3))?
5
Let h(q) be the third derivative of 0 + 1/60*q**5 - 1/6*q**4 - 1/6*q**3 + q**2 + 0*q. What is the tens digit of h(6)?
1
Let o(t) = 31*t**3 - 3*t - 3. Let x(p) = -10*p**3 + p + 1. Let h(s) = -6*o(s) - 17*x(s). What is the units digit of h(-1)?
6
Let q = -8 + 13. Suppose 2*c - 4 = 0, q*p + 3*c + 2*c - 115 = 0. What is the units digit of p?
1
Let f(c) = c**3 + 10*c**2 - 11*c - 8. Let z be f(-8). Suppose 3*j - j - z = 0. Suppose -14 = 5*p - j. What is the tens digit of p?
1
Let x(t) = 3*t + 13. What is the tens digit of x(6)?
3
Suppose -9 = 3*p + n + n, 4*p + 23 = n. Let c = p - -9. Suppose c*d = f - 12 - 9, 2*d = -2*f - 8. What is the units digit of f?
1
Let v = -5 + 58. What is the units digit of v?
3
Suppose -4*x = -3*x. Suppose -2*q - 2*y = -x*y - 16, q - 3*y = 4. What is the units digit of q?
7
Suppose -g = -q + 46, -2*g - 3*g = 4*q - 202. What is the units digit of q?
8
Let b(k) = k**3 - 9*k**2 + 2*k - 10. Let a be b(9). Let s(m) be the third derivative of m**4/8 - 5*m**3/3 + m**2. What is the units digit of s(a)?
4
Let j = 20 + -28. Let c(x) be the second derivative of x**5/20 + 3*x**4/4 + 7*x**3/6 - 2*x**2 - x. What is the units digit of c(j)?
4
Suppose -5*c + k - 51 = 0, -3*c = k - 4*k + 21. Let z = c - -25. What is the units digit of z?
4
Let v(p) = -p**3 - 10*p**2 - 20. What is the tens digit of v(-11)?
0
Suppose -3*b - 20 = 2*u + 2, -2*b = 4*u + 28. Let i(q) = -q**3 - 4*q**2 - 5*q + 3. What is the tens digit of i(b)?
2
Suppose 0 = -d + 5*d - 12. Suppose 12 = 7*o - d*o. What is the units digit of o?
3
Suppose 5*x + 0*x - 70 = 0. Suppose -67 = 6*s - 11*s - 4*k, -s - k + x = 0. What is the units digit of s?
1
Suppose 0*h = 2*h - 124. What is the units digit of h?
2
Let r(p) = -4*p - 1. Let y(i) = 5*i + 2. Suppose -5*h = l - 22, 4*h - 11 + 1 = 3*l. Let v(d) = h*r(d) + 3*y(d). What is the units digit of v(-4)?
6
What is the units digit of (104/6)/((-2)/(-3))?
6
Let q = -79 - -167. Let k = q + -54. What is the tens digit of k?
3
Let f(s) = 4*s**2 + 6*s**3 + 3 + 2*s**3 + 3*s - 9*s**3 + 6*s**2. What is the units digit of f(10)?
3
Let x be (-134)/(-4) - 3/6. Suppose -h = -3*o + 31, 5*o + 6*h = 3*h + x. What is the units digit of o?
9
Suppose 2*k = 5*u - 560, 2*k = 2*u - 5*u + 352. What is the hundreds digit of u?
1
Let f = -529 - -915. What is the units digit of f?
6
Let i(v) = 8*v - 1. Let x be i(-6). Let a = -31 - x. What is the units digit of a?
8
What is the units digit of ((-2)/5)/((-3)/180)?
4
Let c = 2 + 1. Suppose 0 = 4*t + 4*q - 12, c*q + 28 = 2*t + 2. Suppose 0 = -0*f - f + t. What is the units digit of f?
7
Suppose -5*y - 2*k = -18, k = -5*y - 0*k + 19. Suppose -2 = -6*z + y. What is the units digit of z?
1
Let o(p) = -p - 2. Let j be o(-5). Suppose -j*n = -12 - 3. What is the units digit of n?
5
Let m(z) = -z**3 - z**2 - 1. Let n be m(-1). Let h(q) = 8*q**3 + q**2 - 1. Let k be h(n). Let g = 11 + k. What is the units digit of g?
3
What is the tens digit of (0 + 1)/((-2)/(-62))?
3
Let n = -65 + 134. What is the units digit of n?
9
Suppose -4*p = -18 - 22. Let w = p + -6. What is